{"id":2620,"date":"2024-10-17T16:22:03","date_gmt":"2024-10-17T15:22:03","guid":{"rendered":"https:\/\/ateliermlh.archi\/?post_type=portfolio&#038;p=2620"},"modified":"2026-01-13T14:23:11","modified_gmt":"2026-01-13T13:23:11","slug":"logements-collectifs-paris-18eme-rehabilitation-et-requalification-des-espaces-exterieurs-dun-ensemble-immobilier","status":"publish","type":"portfolio","link":"https:\/\/ateliermlh.archi\/?portfolio=logements-collectifs-paris-18eme-rehabilitation-et-requalification-des-espaces-exterieurs-dun-ensemble-immobilier","title":{"rendered":"LOGEMENTS COLLECTIFS &#8211; PARIS 18\u00c8ME REHABILITATION ET REQUALIFICATION  DES ESPACES EXTERIEURS D&rsquo;UN ENSEMBLE IMMOBILIER"},"content":{"rendered":"\n<div class=\"wp-block-group\"><div class=\"wp-block-group__inner-container is-layout-flow wp-block-group-is-layout-flow\">\n<div class=\"wp-block-jetpack-slideshow\" data-effect=\"slide\"><div class=\"wp-block-jetpack-slideshow_container swiper-container\"><ul class=\"wp-block-jetpack-slideshow_swiper-wrapper swiper-wrapper\"><li class=\"wp-block-jetpack-slideshow_slide swiper-slide\"><figure><img decoding=\"async\" alt=\"\" class=\"wp-block-jetpack-slideshow_image wp-image-2775\" data-id=\"2775\" src=\"http:\/\/ateliermlh.archi\/wp-content\/uploads\/DSC0899-2.jpg\"\/><\/figure><\/li><li class=\"wp-block-jetpack-slideshow_slide swiper-slide\"><figure><img loading=\"lazy\" decoding=\"async\" width=\"1415\" height=\"1120\" alt=\"\" class=\"wp-block-jetpack-slideshow_image wp-image-2630\" data-id=\"2630\" src=\"http:\/\/ateliermlh.archi\/wp-content\/uploads\/photo-aerienne.jpg\" srcset=\"https:\/\/ateliermlh.archi\/wp-content\/uploads\/photo-aerienne.jpg 1415w, https:\/\/ateliermlh.archi\/wp-content\/uploads\/photo-aerienne-300x237.jpg 300w, https:\/\/ateliermlh.archi\/wp-content\/uploads\/photo-aerienne-1024x811.jpg 1024w, https:\/\/ateliermlh.archi\/wp-content\/uploads\/photo-aerienne-768x608.jpg 768w, https:\/\/ateliermlh.archi\/wp-content\/uploads\/photo-aerienne-738x584.jpg 738w, https:\/\/ateliermlh.archi\/wp-content\/uploads\/photo-aerienne-996x788.jpg 996w\" sizes=\"(max-width: 1415px) 100vw, 1415px\" \/><\/figure><\/li><li class=\"wp-block-jetpack-slideshow_slide swiper-slide\"><figure><img loading=\"lazy\" decoding=\"async\" width=\"800\" height=\"628\" alt=\"\" class=\"wp-block-jetpack-slideshow_image wp-image-2631\" data-id=\"2631\" src=\"http:\/\/ateliermlh.archi\/wp-content\/uploads\/QuartierVuePigeon.jpg\" srcset=\"https:\/\/ateliermlh.archi\/wp-content\/uploads\/QuartierVuePigeon.jpg 800w, https:\/\/ateliermlh.archi\/wp-content\/uploads\/QuartierVuePigeon-300x236.jpg 300w, https:\/\/ateliermlh.archi\/wp-content\/uploads\/QuartierVuePigeon-768x603.jpg 768w, https:\/\/ateliermlh.archi\/wp-content\/uploads\/QuartierVuePigeon-738x579.jpg 738w\" sizes=\"(max-width: 800px) 100vw, 800px\" \/><\/figure><\/li><\/ul><a class=\"wp-block-jetpack-slideshow_button-prev swiper-button-prev swiper-button-white\" role=\"button\"><\/a><a class=\"wp-block-jetpack-slideshow_button-next swiper-button-next swiper-button-white\" role=\"button\"><\/a><a aria-label=\"Pause Slideshow\" class=\"wp-block-jetpack-slideshow_button-pause\" role=\"button\"><\/a><div class=\"wp-block-jetpack-slideshow_pagination swiper-pagination swiper-pagination-white\"><\/div><\/div><\/div>\n<\/div><\/div>\n\n\n\n<div class=\"wp-block-media-text alignwide is-vertically-aligned-center\" style=\"grid-template-columns:16% auto\"><figure class=\"wp-block-media-text__media\"><img loading=\"lazy\" decoding=\"async\" width=\"945\" height=\"945\" src=\"http:\/\/ateliermlh.archi\/wp-content\/uploads\/107-Cottin.jpg\" alt=\"\" class=\"wp-image-2664 size-full\" srcset=\"https:\/\/ateliermlh.archi\/wp-content\/uploads\/107-Cottin.jpg 945w, https:\/\/ateliermlh.archi\/wp-content\/uploads\/107-Cottin-300x300.jpg 300w, https:\/\/ateliermlh.archi\/wp-content\/uploads\/107-Cottin-150x150.jpg 150w, https:\/\/ateliermlh.archi\/wp-content\/uploads\/107-Cottin-768x768.jpg 768w, https:\/\/ateliermlh.archi\/wp-content\/uploads\/107-Cottin-100x100.jpg 100w, https:\/\/ateliermlh.archi\/wp-content\/uploads\/107-Cottin-738x738.jpg 738w, https:\/\/ateliermlh.archi\/wp-content\/uploads\/107-Cottin-480x480.jpg 480w\" sizes=\"(max-width: 945px) 100vw, 945px\" \/><\/figure><div class=\"wp-block-media-text__content\">\n<p><strong>Mission de base<\/strong> + <strong>OPC<\/strong><br><strong><strong>\u00c9<\/strong>tudes<\/strong> DIAG en cours <strong>Chantier <\/strong> Livraison 2027<br><strong>MOA |<\/strong> PARIS HABITAT<br><strong>Co\u00fbt |<\/strong> 2 000 000 \u20ac HT<br><strong>Architecte |<\/strong> Atelier MLH<br><strong>BE thermique | <\/strong>ACFI <br><strong>Paysagiste | <\/strong>La Talvera<\/p>\n<\/div><\/div>\n\n\n\n<p style=\"font-size:18px\"><\/p>\n\n\n\n<p class=\"has-text-align-left\" style=\"font-size:18px\">La r\u00e9habilitation de l&rsquo;ensemble immobilier Cottin Queneau con\u00e7u par l&rsquo;architecte Alain Gillot en 1988, s&rsquo;inscrit dans un contexte de transformation de ce quartier du Nord de Paris. Situ\u00e9 dans le 18\u00e8me arrondissement, le b\u00e2timent est \u00e0 proximit\u00e9 imm\u00e9diate de la Zac Chapelle Charbon et du b\u00e2timent de logements r\u00e9alis\u00e9 par Paris Habitat (lot D) et actuellement en cours de construction. Les deux b\u00e2timents deviendront mitoyens au droit des actuels pignons aveugles.<\/p>\n\n\n\n<p class=\"has-text-align-left\" style=\"font-size:18px\">La prise en compte de cette nouvelle configuration urbaine, l&rsquo;am\u00e9lioration des performances de l&rsquo;enveloppe (isolation de la toiture, remplacement des menuiseries ext\u00e9rieures, occultations&#8230;), ainsi que la requalification des espaces ext\u00e9rieurs en un projet paysager, v\u00e9ritable \u00eelot de Fra\u00eecheur, seront les principaux objectifs de cette r\u00e9habilitation.<\/p>\n\n\n\n<div class=\"wp-block-columns is-layout-flex wp-container-core-columns-is-layout-1 wp-block-columns-is-layout-flex\">\n<div class=\"wp-block-column is-vertically-aligned-top is-layout-flow wp-block-column-is-layout-flow\" style=\"flex-basis:100%\"><\/div>\n<\/div>\n\n\n\n<p><\/p>\n","protected":false},"excerpt":{"rendered":"<p>Mission de base + OPC\u00c9tudes DIAG en cours Chantier Livraison 2027MOA | PARIS HABITATCo\u00fbt | 2 000 000 \u20ac HTArchitecte | Atelier MLHBE thermique | ACFI Paysagiste | La Talvera La r\u00e9habilitation de l&rsquo;ensemble immobilier Cottin Queneau con\u00e7u par l&rsquo;architecte Alain Gillot en 1988, s&rsquo;inscrit dans un contexte de transformation de ce quartier du Nord &#8230;<\/p>\n","protected":false},"author":1,"featured_media":2782,"comment_status":"closed","ping_status":"closed","template":"","meta":{"footnotes":""},"portfolio-category":[],"portfolio-tag":[33,14,18,16,15],"class_list":["post-2620","portfolio","type-portfolio","status-publish","has-post-thumbnail","hentry","portfolio-tag-ilot-de-fraicheur","portfolio-tag-en-cours","portfolio-tag-logement","portfolio-tag-patrimoine","portfolio-tag-rehabilitation"],"jetpack_sharing_enabled":true,"_links":{"self":[{"href":"https:\/\/ateliermlh.archi\/index.php?rest_route=\/wp\/v2\/portfolio\/2620"}],"collection":[{"href":"https:\/\/ateliermlh.archi\/index.php?rest_route=\/wp\/v2\/portfolio"}],"about":[{"href":"https:\/\/ateliermlh.archi\/index.php?rest_route=\/wp\/v2\/types\/portfolio"}],"author":[{"embeddable":true,"href":"https:\/\/ateliermlh.archi\/index.php?rest_route=\/wp\/v2\/users\/1"}],"replies":[{"embeddable":true,"href":"https:\/\/ateliermlh.archi\/index.php?rest_route=%2Fwp%2Fv2%2Fcomments&post=2620"}],"version-history":[{"count":14,"href":"https:\/\/ateliermlh.archi\/index.php?rest_route=\/wp\/v2\/portfolio\/2620\/revisions"}],"predecessor-version":[{"id":2778,"href":"https:\/\/ateliermlh.archi\/index.php?rest_route=\/wp\/v2\/portfolio\/2620\/revisions\/2778"}],"wp:featuredmedia":[{"embeddable":true,"href":"https:\/\/ateliermlh.archi\/index.php?rest_route=\/wp\/v2\/media\/2782"}],"wp:attachment":[{"href":"https:\/\/ateliermlh.archi\/index.php?rest_route=%2Fwp%2Fv2%2Fmedia&parent=2620"}],"wp:term":[{"taxonomy":"portfolio-category","embeddable":true,"href":"https:\/\/ateliermlh.archi\/index.php?rest_route=%2Fwp%2Fv2%2Fportfolio-category&post=2620"},{"taxonomy":"portfolio-tag","embeddable":true,"href":"https:\/\/ateliermlh.archi\/index.php?rest_route=%2Fwp%2Fv2%2Fportfolio-tag&post=2620"}],"curies":[{"name":"wp","href":"https:\/\/api.w.org\/{rel}","templated":true}]}}

LOGEMENTS COLLECTIFS &#8211; PARIS 18ÈME REHABILITATION ET REQUALIFICATION  DES ESPACES EXTERIEURS D&rsquo;UN ENSEMBLE IMMOBILIER

<div class="wp-block-group"><div class="wp-block-group__inner-container is-layout-flow wp-block-group-is-layout-flow">
<div class="wp-block-jetpack-slideshow" data-effect="slide"><div class="wp-block-jetpack-slideshow_container swiper-container"><ul class="wp-block-jetpack-slideshow_swiper-wrapper swiper-wrapper"><li class="wp-block-jetpack-slideshow_slide swiper-slide"><figure><img decoding="async" alt="" class="wp-block-jetpack-slideshow_image wp-image-2775" data-id="2775" src="http://ateliermlh.archi/wp-content/uploads/DSC0899-2.jpg"/></figure></li><li class="wp-block-jetpack-slideshow_slide swiper-slide"><figure><img loading="lazy" decoding="async" width="1415" height="1120" alt="" class="wp-block-jetpack-slideshow_image wp-image-2630" data-id="2630" src="http://ateliermlh.archi/wp-content/uploads/photo-aerienne.jpg" srcset="https://ateliermlh.archi/wp-content/uploads/photo-aerienne.jpg 1415w, https://ateliermlh.archi/wp-content/uploads/photo-aerienne-300x237.jpg 300w, https://ateliermlh.archi/wp-content/uploads/photo-aerienne-1024x811.jpg 1024w, https://ateliermlh.archi/wp-content/uploads/photo-aerienne-768x608.jpg 768w, https://ateliermlh.archi/wp-content/uploads/photo-aerienne-738x584.jpg 738w, https://ateliermlh.archi/wp-content/uploads/photo-aerienne-996x788.jpg 996w" sizes="(max-width: 1415px) 100vw, 1415px" /></figure></li><li class="wp-block-jetpack-slideshow_slide swiper-slide"><figure><img loading="lazy" decoding="async" width="800" height="628" alt="" class="wp-block-jetpack-slideshow_image wp-image-2631" data-id="2631" src="http://ateliermlh.archi/wp-content/uploads/QuartierVuePigeon.jpg" srcset="https://ateliermlh.archi/wp-content/uploads/QuartierVuePigeon.jpg 800w, https://ateliermlh.archi/wp-content/uploads/QuartierVuePigeon-300x236.jpg 300w, https://ateliermlh.archi/wp-content/uploads/QuartierVuePigeon-768x603.jpg 768w, https://ateliermlh.archi/wp-content/uploads/QuartierVuePigeon-738x579.jpg 738w" sizes="(max-width: 800px) 100vw, 800px" /></figure></li></ul><a class="wp-block-jetpack-slideshow_button-prev swiper-button-prev swiper-button-white" role="button"></a><a class="wp-block-jetpack-slideshow_button-next swiper-button-next swiper-button-white" role="button"></a><a aria-label="Pause Slideshow" class="wp-block-jetpack-slideshow_button-pause" role="button"></a><div class="wp-block-jetpack-slideshow_pagination swiper-pagination swiper-pagination-white"></div></div></div>
</div></div>



<div class="wp-block-media-text alignwide is-vertically-aligned-center" style="grid-template-columns:16% auto"><figure class="wp-block-media-text__media"><img loading="lazy" decoding="async" width="945" height="945" src="http://ateliermlh.archi/wp-content/uploads/107-Cottin.jpg" alt="" class="wp-image-2664 size-full" srcset="https://ateliermlh.archi/wp-content/uploads/107-Cottin.jpg 945w, https://ateliermlh.archi/wp-content/uploads/107-Cottin-300x300.jpg 300w, https://ateliermlh.archi/wp-content/uploads/107-Cottin-150x150.jpg 150w, https://ateliermlh.archi/wp-content/uploads/107-Cottin-768x768.jpg 768w, https://ateliermlh.archi/wp-content/uploads/107-Cottin-100x100.jpg 100w, https://ateliermlh.archi/wp-content/uploads/107-Cottin-738x738.jpg 738w, https://ateliermlh.archi/wp-content/uploads/107-Cottin-480x480.jpg 480w" sizes="(max-width: 945px) 100vw, 945px" /></figure><div class="wp-block-media-text__content">
<p><strong>Mission de base</strong> + <strong>OPC</strong><br><strong><strong>É</strong>tudes</strong> DIAG en cours <strong>Chantier </strong> Livraison 2027<br><strong>MOA |</strong> PARIS HABITAT<br><strong>Coût |</strong> 2 000 000 € HT<br><strong>Architecte |</strong> Atelier MLH<br><strong>BE thermique | </strong>ACFI <br><strong>Paysagiste | </strong>La Talvera</p>
</div></div>



<p style="font-size:18px"></p>



<p class="has-text-align-left" style="font-size:18px">La réhabilitation de l&rsquo;ensemble immobilier Cottin Queneau conçu par l&rsquo;architecte Alain Gillot en 1988, s&rsquo;inscrit dans un contexte de transformation de ce quartier du Nord de Paris. Situé dans le 18ème arrondissement, le bâtiment est à proximité immédiate de la Zac Chapelle Charbon et du bâtiment de logements réalisé par Paris Habitat (lot D) et actuellement en cours de construction. Les deux bâtiments deviendront mitoyens au droit des actuels pignons aveugles.</p>



<p class="has-text-align-left" style="font-size:18px">La prise en compte de cette nouvelle configuration urbaine, l&rsquo;amélioration des performances de l&rsquo;enveloppe (isolation de la toiture, remplacement des menuiseries extérieures, occultations&#8230;), ainsi que la requalification des espaces extérieurs en un projet paysager, véritable îlot de Fraîcheur, seront les principaux objectifs de cette réhabilitation.</p>



<div class="wp-block-columns is-layout-flex wp-container-core-columns-is-layout-1 wp-block-columns-is-layout-flex">
<div class="wp-block-column is-vertically-aligned-top is-layout-flow wp-block-column-is-layout-flow" style="flex-basis:100%"></div>
</div>



<p></p>

<p>Mission de base + OPCÉtudes DIAG en cours Chantier Livraison 2027MOA | PARIS HABITATCoût | 2 000 000 € HTArchitecte | Atelier MLHBE thermique | ACFI Paysagiste | La Talvera La réhabilitation de l&rsquo;ensemble immobilier Cottin Queneau conçu par l&rsquo;architecte Alain Gillot en 1988, s&rsquo;inscrit dans un contexte de transformation de ce quartier du Nord &#8230;</p>
